oes 9 divide 1773?
True
Is 396 a multiple of 11?
True
Is 2163 a multiple of 7?
True
Is 331 a multiple of 55?
False
Does 121 divide 20570?
True
Is 1600 a multiple of 8?
True
Is 274 a factor of 14796?
True
Is 806 a multiple of 62?
True
Is 50 a multiple of 11?
False
Does 19 divide 7201?
True
Does 15 divide 16496?
False
Does 37 divide 4773?
True
Is 6 a factor of 3462?
True
Does 3 divide 359?
False
Is 37056 a multiple of 96?
True
Does 43 divide 870?
False
Does 91 divide 11798?
False
Is 9231 a multiple of 163?
False
Is 10 a factor of 3030?
True
Is 96 a multiple of 15?
False
Is 632 a multiple of 14?
False
Is 20 a multiple of 4?
True
Is 68 a factor of 34272?
True
Is 4 a factor of 1380?
True
Is 5 a factor of 408?
False
Is 50 a factor of 1900?
True
Is 3 a factor of 1610?
False
Is 24581 a multiple of 109?
False
Is 1356 a multiple of 6?
True
Does 58 divide 262?
False
Is 414 a multiple of 18?
True
Does 8 divide 2272?
True
Is 17265 a multiple of 11?
False
Does 29 divide 2019?
False
Is 6604 a multiple of 25?
False
Does 8 divide 807?
False
Does 6 divide 1144?
False
Is 5280 a multiple of 30?
True
Is 164 a multiple of 102?
False
Does 39 divide 702?
True
Is 122 a factor of 70272?
True
Does 122 divide 2724?
False
Is 65 a factor of 1034?
False
Is 28 a factor of 1008?
True
Is 55 a factor of 8360?
True
Is 273 a factor of 70980?
True
Is 13 a factor of 1900?
False
Is 3439 a multiple of 30?
False
Is 13295 a multiple of 5?
True
Is 4940 a multiple of 14?
False
Does 36 divide 1078?
False
Is 22435 a multiple of 35?
True
Is 55 a multiple of 3?
False
Is 3400 a multiple of 142?
False
Is 715 a multiple of 5?
True
Is 97 a factor of 1455?
True
Does 13 divide 81150?
False
Does 98 divide 1404?
False
Is 8060 a multiple of 62?
True
Does 128 divide 2048?
True
Is 6228 a multiple of 30?
False
Is 29 a factor of 42862?
True
Is 3680 a multiple of 8?
True
Is 19 a factor of 13199?
False
Is 18 a factor of 414?
True
Is 383 a multiple of 6?
False
Is 1508 a multiple of 18?
False
Does 77 divide 35805?
True
Is 67 a factor of 2189?
False
Does 103 divide 16171?
True
Is 3 a factor of 261?
True
Is 34 a factor of 14790?
True
Is 216 a factor of 25194?
False
Is 1683 a multiple of 99?
True
Is 31 a factor of 496?
True
Does 49 divide 6429?
False
Does 4 divide 507?
False
Is 58000 a multiple of 50?
True
Is 39120 a multiple of 240?
True
Is 53538 a multiple of 206?
False
Does 60 divide 81840?
True
Is 24 a multiple of 8?
True
Does 70 divide 1820?
True
Is 20 a factor of 1427?
False
Does 9 divide 2916?
True
Is 13 a factor of 3378?
False
Is 141 even?
False
Is 183 a multiple of 8?
False
Is 36406 a multiple of 218?
True
Is 1309 a multiple of 77?
True
Does 31 divide 105865?
True
Is 549 a multiple of 5?
False
Is 2186 a multiple of 62?
False
Is 5 a factor of 492?
False
Does 77 divide 40425?
True
Does 13 divide 2987?
False
Is 38 a factor of 2117?
False
Does 25 divide 454?
False
Does 13 divide 118?
False
Is 12 a factor of 14268?
True
Is 5 a factor of 2070?
True
Is 6 a factor of 22036?
False
Is 10 a factor of 4560?
True
Is 17589 a multiple of 13?
True
Is 57 a factor of 18468?
True
Does 15 divide 382?
False
Is 126 a multiple of 9?
True
Is 686 a multiple of 49?
True
Is 23 a factor of 657?
False
Does 2 divide 48?
True
Is 2 a factor of 67?
False
Is 18 a factor of 12015?
False
Is 17 a factor of 167?
False
Does 2 divide 26?
True
Does 20 divide 866?
False
Does 7 divide 16197?
False
Is 756 a multiple of 28?
True
Is 143 a multiple of 14?
False
Does 31 divide 310?
True
Does 34 divide 726?
False
Does 61 divide 8280?
False
Is 41 a factor of 15539?
True
Is 2482 a multiple of 34?
True
Does 139 divide 1258?
False
Does 14 divide 1736?
True
Is 14488 a multiple of 39?
False
Does 19 divide 19?
True
Is 1320 a multiple of 22?
True
Is 4602 a multiple of 26?
True
Does 4 divide 62656?
True
Does 97 divide 31331?
True
Is 5 a factor of 555?
True
Is 31 a factor of 7874?
True
Is 1326 a multiple of 102?
True
Is 13 a factor of 10720?
False
Does 31 divide 40796?
True
Does 16 divide 15125?
False
Does 37 divide 1147?
True
Does 35 divide 17578?
False
Is 3741 a multiple of 86?
False
Does 135 divide 9585?
True
Does 3 divide 251?
False
Does 22 divide 17732?
True
Does 7 divide 1554?
True
Is 15609 a multiple of 11?
True
Is 24448 a multiple of 12?
False
Does 28 divide 923?
False
Is 848 a multiple of 14?
False
Does 15 divide 3136?
False
Is 15 a factor of 825?
True
Is 48854 a multiple of 10?
False
Is 3354 a multiple of 78?
True
Does 3 divide 72?
True
Does 47 divide 188?
True
Does 83 divide 996?
True
Is 416 a multiple of 4?
True
Does 17 divide 877?
False
Does 36 divide 4716?
True
Is 3250 a multiple of 13?
True
Is 80 a factor of 1040?
True
Is 401 a multiple of 43?
False
Is 73 a multiple of 20?
False
Does 67 divide 8831?
False
Is 2948 a multiple of 11?
True
Is 143 a factor of 62439?
False
Does 31 divide 7634?
False
Does 97 divide 3589?
True
Does 43 divide 38958?
True
Does 13 divide 8138?
True
Does 67 divide 476?
False
Is 3 a factor of 555?
True
Is 49 a factor of 1963?
False
Is 12 a factor of 5496?
True
Is 15 a multiple of 12?
False
Does 82 divide 558?
False
Does 33 divide 3498?
True
Is 3 a factor of 360?
True
Is 42 a factor of 30384?
False
Is 3801 a multiple of 8?
False
Is 13 a factor of 2015?
True
Does 9 divide 27014?
False
Is 9 a factor of 45?
True
Does 2 divide 515?
False
Is 13289 a multiple of 284?
False
Does 128 divide 20512?
False
Does 93 divide 872?
False
Is 21 a factor of 24318?
True
Does 72 divide 46368?
True
Is 67018 a multiple of 21?
False
Does 21 divide 567?
True
Is 1657 a multiple of 13?
False
Is 4 a factor of 133?
False
Is 60 a factor of 1800?
True
Is 135 a multiple of 27?
True
Does 38 divide 380?
True
Is 32 a factor of 985?
False
Is 12 a factor of 1686?
False
Does 51 divide 6120?
True
Does 5 divide 75002?
False
Is 45 a factor of 2985?
False
Is 100 a factor of 800?
True
Does 34 divide 2211?
False
Is 9326 a multiple of 42?
False
Does 13 divide 247?
True
Does 36 divide 225?
False
Does 6 divide 3586?
False
Is 19860 a multiple of 23?
False
Is 286 a factor of 24715?
False
Is 5887 a multiple of 29?
True
Does 119 divide 476?
True
Does 10 divide 6080?
True
Is 23 a factor of 1919?
False
Is 5306 a multiple of 14?
True
Is 169 a multiple of 169?
True
Is 14 a factor of 11340?
True
Does 13 divide 52?
True
Does 67 divide 1289?
False
Does 13 divide 780?
True
Is 22 a factor of 1914?
True
Is 36792 a multiple of 14?
True
Is 1502 a multiple of 18?
False
Does 6 divide 804?
True
Is 21918 a multiple of 281?
True
Does 21 divide 4116?
True
Does 22 divide 215?
False
Is 9 a factor of 9396?
True
Is 12 a factor of 5076?
True
Does 7 divide 49?
True
Is 32 a factor of 2400?
True
Is 2059 a multiple of 32?
False
Does 3 divide 13045?
False
Is 426 a multiple of 2?
True
Is 85 a factor of 20321?
False
Is 28731 a multiple of 69?
False
Does 51 divide 450?
False
Does 24 divide 2136?
True
Is 159 a factor of 9124?
False
Does 25 divide 4747?
False
Does 32 divide 537?
False
Is 250 a multiple of 7?
False
Does 119 divide 10646?
False
Is 48 a factor of 11040?
True
Is 7684 a multiple of 14?
False
Is 73 a factor of 1175?
False
Does 31 divide 2573?
True
Is 2340 a multiple of 19?
False
Is 2277 a multiple of 99?
True
Is 29 a factor of 10150?
True
Is 14 a factor of 812?
True
Is 9 a factor of 279?
True
Is 15 a factor of 15?
True
Is 16 a factor of 96?
True
Is 96 a factor of 12384?
True
Is 1720 a multiple of 10?
True
Is 11 a factor of 50669?
False
Is 29 a factor of 118233?
True
Is 49 a factor of 3920?
True
Does 40 divide 25946?
False
Does 40 divide 4880?
True
Is 7239 a multiple of 21?
False
Does 32 divide 3397?
False
Is 22 a factor of 1650?
True
Does 93 divide 1305?
False
Does 6 divide 171?
False
Is 22 a multiple of 3?
False
Does 10 divide 1190?
True
Is 1250 a multiple of 10?
True
Does 41 divide 18901?
True
Is 34 a factor of 848?
False
Is 2189 even?
False
Is 18 a factor of 13914?
True
Does 38 divide 152?
True
Is 16 a factor of 704?
True
Does 18 divide 325?
False
Does 12 divide 660?
True
Is 12 a factor of 2484?
True
Does 8 divide 280?
True
Is 12278 a multiple of 2?
True
Is 50 a multiple of 4?
False
Is 48807 a multiple of 51?
True
Is 60330 a multiple of 30?
True
Is 25344 a multiple of 66?
True
Is 11 a factor of 4516?
False
Does 17 divide 22508?
True
Is 5 a factor of 30?
True
Is 7 a factor of 1924?
False
Is